t c(j) = -20 + 3*j - 3 - 4*j + 7 + 8. Let f be c(q). Let v(x) = -x + 5. Give v(f).
9
Let u(j) be the third derivative of -j**6/120 + 11*j**5/30 - j**4/12 + j**3/6 + 3*j**2 - 9*j + 6. What is u(22)?
-43
Let t(f) = -3*f**2 - 39*f - 147. Let d(b) = 15*b**2 + 377*b + 44. Let m be d(-25). Calculate t(m).
-21
Let q(x) = -x**3 - 4*x**2 + 23*x + 2. Let n = 485 - 492. Give q(n).
-12
Let i be (-9)/4*24/9 + (-1 - -4). Let c(n) = -n**2 + 2*n + 13. Calculate c(i).
-2
Let n(q) be the first derivative of 3*q**2 + 18*q + 11150. What is n(-5)?
-12
Let i(u) = 131*u**2 - 8*u - 27*u**2 - 6 - 31*u**2 - 40*u**2 - 32*u**2. What is i(-2)?
14
Let i(w) = -w**3 - w**2 + 7. Let x(v) = v**3 - 2*v**2 - v - 80. Let u be x(0). Let b = u - -80. Calculate i(b).
7
Suppose 439 = -7*i + 1335. Suppose i*v = 127*v - 5. Let n(d) = -d**2 - d + 2. Calculate n(v).
-18
Let f(t) = -3*t - 2. Let x(a) = -a**3 + 3*a**2 + 1. Let c be x(3). Let v(i) be the first derivative of i**2/2 + 155. Let g(r) = c*f(r) + 2*v(r). Determine g(2).
-4
Let y(j) = -j**3 - 6*j**2 - j + 7. Let h = 2707 - 2659. Let g = 9 - 5. Suppose -g*i = 4*i + h. What is y(i)?
13
Suppose -122 = -a + 5*u, -a = -5*a + 5*u + 428. Let c = a - 103. Let i = c - 4. Let d(q) = 2*q**2 + 7*q + 4. Give d(i).
19
Let l = 5288 - 5291. Let q(j) = -2*j**2 + 2*j + 26. Give q(l).
2
Let f(x) = x**3 + 4*x**2 + 7*x + 13. Let a = 24412 - 24416. Give f(a).
-15
Let w(d) = -10 + d**3 - 2*d**2 + 2*d - 5*d**2 + 0*d**3. Let t(z) = 5*z**2 + 329*z + 1527. Let n be t(-5). Give w(n).
4
Let v(y) be the first derivative of -y**3/3 - 7*y**2 - 52*y + 3606. Determine v(-8).
-4
Suppose -37*n = -7*n - 450. Suppose 5*b = 10 + n. Let s(i) = -i**2 + 7*i - 9. Calculate s(b).
1
Let s(x) be the second derivative of -x**4/12 + 17*x**3/6 + 13*x**2/2 + 644*x. What is s(18)?
-5
Suppose n - 27 = -8*n. Suppose -n*o = -3*x + 2*o + 2, -4*x - o = 28. Let u(q) = q**3 + 3*q**2 - 10*q - 7. What is u(x)?
-55
Let q(o) = 2*o**2 - 12*o + 13. Let r be q(5). Suppose -13 = -r*c + 14. Let s(l) = -3*l + 10. Determine s(c).
-17
Let t(z) = -z**3 + 12*z**2 - 8*z - 30. Let u be t(11). Let p(j) = -3*j + 2*j**2 + 34*j**u - 14*j**3 + 4 - 19*j**3. Let n = 2 - 5. Give p(n).
4
Let t(b) = -b + 9. Suppose -5*h - 4*d = -7*h + 78, -3*h + 5*d = -112. Suppose -2*k - p + h = 2*p, k + p = 12. Calculate t(k).
2
Let m = 18 - 17. Let q(n) be the second derivative of n**6/144 - n**5/120 - n**4/12 + 4*n**3/3 + 64*n. Let u(d) be the third derivative of q(d). Calculate u(m).
4
Let r(m) = m**3 - 5 - 284*m**2 + 151*m**2 + 5*m + 129*m**2. What is r(3)?
1
Let a(t) = -2*t + t - 11105 + 11096 + 2*t. Give a(-1).
-10
Let a be 12 - ((0 - -5) + 1). Suppose -5 = w - 2*b + a, 23 = -3*w + 4*b. Let n(j) = 13*j**2 - j - 1. What is n(w)?
13
Let o(p) = 26*p**2 + 19*p - 16. Let z(j) = 110*j**2 + 76*j - 64. Let c(u) = -17*o(u) + 4*z(u). Calculate c(0).
16
Suppose 4*s + 492 - 613 = -7*s. Let u(w) = w**2 - 10*w - 18. Determine u(s).
-7
Let v(a) = -a**2 - 2*a - 1. Let z(w) be the first derivative of w**2/2 + 4*w + 158. Suppose 2*q + 2*y = -12, 0 = q - 4*y + 2 - 1. Let s be z(q). Give v(s).
0
Let l(f) = f + 5*f**2 + 2 + 0*f**2 - 1 - 3*f**2. Let w = -12702 + 12700. Determine l(w).
7
Let s(n) = -20*n**3 - n**2 + 1. Let k be 3 - ((-5 - -4) + -7). Suppose 14 = k*f - 30. Suppose 0 = 5*w - 3*z - 1, 0*w - f*z = -w + 7. Determine s(w).
20
Let f(u) = 59 - 107 + 52 + u. Suppose -h - 4 = -6. Calculate f(h).
6
Suppose -4*v - 165 = -4*y - 69, -6 = 3*y. Let u(b) = -b**3 - 23*b**2 + 80*b + 49. Determine u(v).
-3
Let c(j) = 4729*j**2 - 4746*j**2 - 2 - 2*j**3 + 8*j - 7. What is c(-9)?
0
Let f(m) be the third derivative of m**6/120 - m**5/6 - 55*m**4/24 + 2*m**3/3 - m**2 + 442*m + 2. Give f(-4).
0
Let h(j) be the first derivative of -j**4/4 - 2*j**3 - 5*j**2/2 + 8*j + 1066. Determine h(-5).
8
Suppose 0 = 60*a - 56*a - 20. Suppose -2*g + 10 - 6 = 0. Let b(u) = -6*u**2 - g*u + 2 + 12*u**2 - 3*u - u**3. Calculate b(a).
2
Let w(j) = -j**3 - 7*j**2 - 2*j - 7. Let z(h) = h**2 + 7*h + 12. Let r be z(-5). Let q(i) = -4*i + 5. Let k be q(r). Let g be 1/k + (-20)/3. Give w(g).
7
Let q be 3/(-2)*14*1/(-3). Let v(b) = -49*b**2 - 15*b**2 - 7*b + 65*b**2 - 6. Give v(q).
-6
Let l(o) = -4*o - 2. Suppose -a = -0*a. Suppose 5*g + a*f = 2*f - 134, 2*g = 5*f - 62. Let m be (6/4)/((-13)/g). Calculate l(m).
-14
Suppose 14 = 2*j + j - 5*n, -3*n = j. Let c(f) = -5*f**3 + 15*f**2 - 7. What is c(j)?
-7
Let v(f) = 2*f**3 + 2*f**2 + 5*f - 1. Let j be v(3). Let m(r) = -j*r + 184*r + 9 - 96*r. What is m(-6)?
-3
Let f(j) = -8*j + 15 + 5*j - 24*j**2 + 29*j**2. Let o(g) = 11*g**2 - 7*g + 31. Let u(l) = -9*f(l) + 4*o(l). Determine u(0).
-11
Suppose 5*t - 6 = -3*b, 2*t + 0*b = -3*b - 3. Let l(u) = -7*u + u - 5 + t*u. Let w = -2403 - -2399. Calculate l(w).
7
Let c(q) = 4*q**2 - q. Let d(v) = 32*v - 10. Let g be d(-4). Let b = 136 + g. Calculate c(b).
18
Let a(z) = 7*z - 30. Let g(b) = 3*b - 12. Let f(u) = 6*a(u) - 15*g(u). Let m = 11 - 5. Let c = m + -5. What is f(c)?
-3
Suppose -11*r + 3956 = -1731. Let w = 523 - r. Let z(u) = u + 3. Give z(w).
9
Suppose -7*o + 4*o = 3*r, -o - 3*r = 6. Let i(m) = 19*m**o + 2*m**2 - 6 - 2 - 18*m**3 - 9*m**2. Let a be (-2)/(2/(-9)) + -2. What is i(a)?
-8
Suppose -3*p = -17*y + 129, -4*p - 4*y = -2*p - 6. Let l(r) be the second derivative of -r**5/20 - 3*r**4/4 + r**3/6 + 4*r**2 - 3*r. Determine l(p).
-1
Suppose j = -3*v - 44, j = -2*j - 3*v - 126. Let o = j + 49. Suppose -4*u = -o, -3*x - 4*u + 3 = -2*x. Let w(i) = i + 7. Give w(x).
2
Let v be 36/(-60)*1*-5. Suppose -v*p + 2*g + 6 = -0*p, 5*p + 3*g - 29 = 0. Suppose -p*n + 12 = -4*f, -2 + 8 = f + 2*n. Let y(q) = -q. Give y(f).
0
Let y(a) be the second derivative of 17*a - 1/12*a**4 - 1/20*a**5 - 9*a**2 + 0*a**3 + 0. Suppose 2*g + 2*j = 8, -5*g + 2*j + 2*j - 16 = 0. What is y(g)?
-18
Let r(x) = 7*x + 142. Suppose 0 = 12*j - 646 + 910. Determine r(j).
-12
Let n(l) be the second derivative of -19*l**5/10 - l**4/6 + 8*l**3/3 + 17*l**2/2 + 1362*l + 2. Calculate n(-1).
37
Suppose -2*b + 28 + 34 = 0. Suppose 3*j + b = 43. Let g(h) = h**3 - 4*h**2 + 2*h + 5. Give g(j).
13
Let v = 0 + 1. Let q(y) be the first derivative of -y**5/120 - y**4/24 - 82*y**3 + 538. Let d(m) be the third derivative of q(m). What is d(v)?
-2
Let s = 7471/8 - 7467/8. Let o(v) be the second derivative of -5/12*v**4 - s*v**2 - 11*v - 1/3*v**3 + 0. Calculate o(-1).
-4
Let j(m) be the first derivative of -m**4/4 + 14*m**3/3 - 9*m**2 + 21*m + 572. Determine j(13).
-44
Let d(l) = l + 3. Let m be -1 + 4/2 + 0. Let u(t) = -1 - 24 + 8 + 9 + 7. Let a(o) = m*d(o) + u(o). Determine a(4).
6
Let c(v) = -17*v - 27. Let s(g) = -96*g - 134. Let u(b) = 11*c(b) - 2*s(b). What is u(9)?
16
Let q(o) = 3*o**3 - 40*o**2 + 16*o - 34. Let g(p) = -2*p**3 + 27*p**2 - 10*p + 20. Let c(b) = 8*g(b) + 5*q(b). Give c(16).
-10
Let z(l) = -l + 3. Suppose -5*j - 55*d + 20 = -50*d, 0 = j + 4*d - 19. Let g(a) = 3*a - 10. Let q(u) = j*g(u) - 4*z(u). What is q(5)?
3
Let t(b) = b**3 + 5*b**2 - b. Suppose -12*w + 239 = -1249. Let l = -66 + w. Let d = l - 63. What is t(d)?
5
Let a(k) = -109*k - 19*k**2 + 74*k**2 - 29*k**2 - 11*k**2 + 2. Give a(7).
-26
Let v(r) = r**3 - 7*r**2 - 37*r - 37. Let l(s) = -5*s**3 + 29*s**2 + 171*s + 149. Let x(n) = -2*l(n) - 9*v(n). Determine x(-7).
0
Let w(s) = -29*s**2 + 7*s + 34. Let r(u) = 48*u**2 - 14*u - 57. Let b(t) = 3*r(t) + 5*w(t). Suppose 7 = h + 1. Let p be (8/h)/((-1)/3). Determine b(p).
11
Let u(v) = -2*v - 11. Let g be u(-7). Let k be 7 + 3 + g - 0/(-2). Let n(i) = -i**2 - 4 + k + 2 - 3 - 3*i. Give n(-6).
-10
Suppose 12*q + 109 = 3*q + 82. Let m(u) = -8*u**3 - 2 - 4 + 6*u**3 - 2*u - 4*u**2 + 4. What is m(q)?
22
Let t(z) = -2*z**2 + 8*z - 6. Let w(i) = i**2 - 5*i + 4. Let c(v) = -2*t(v) - 3*w(v). Let y be (-3 + (-9)/(-3))/1. Calculate c(y).
0
Let o(p) = -297 - 7*p**2 - 11*p + 3*p**3 + 285 + 2*p**2 - 6*p**2 - 4*p**3. Determine o(-10).
-2
Suppose 3*i - 50 + 35 = 0. Let l(u) = 0*u**2 - u**3 - 5*u**2 + 7 - i*u + 3*u - 10. Let o be -2*(2 - (-1 - -1)). Give l(o).
-11
Let z(c) = 16*c - 11. Let k(j) = 3*j**3 + 70*j - 4. Let s be k(0). Determine z(s).
-75
Let b(a) be the first derivative of 9*a**2/2 - a + 57. Let q(g) = -g**2 + 7*g. Let o(v) = 2*b(v) - 3*q(v). Give o(3).
16
Let l(p) = -p - 1. Let x(q) = -3*q - 1. Let h(g) = 5*l(g) - 2*x(g). Suppose